{"id":408,"date":"2010-07-06T07:58:02","date_gmt":"2010-07-06T10:58:02","guid":{"rendered":"http:\/\/airboysteam.com\/?page_id=408"},"modified":"2025-01-23T17:21:07","modified_gmt":"2025-01-23T19:21:07","slug":"tecnologia","status":"publish","type":"page","link":"https:\/\/airboysteam.com\/?page_id=408","title":{"rendered":"Tecnologia"},"content":{"rendered":"<h2><a href=\"http:\/\/airboysteam.com\/wp-content\/uploads\/2010\/07\/countour.bmp\"><\/a><\/h2>\n<h2><a href=\"http:\/\/airboysteam.com\/wp-content\/uploads\/2010\/07\/powermonkey-explorer-300.jpg\"><\/a>\u00a0<\/h2>\n<h2><span style=\"color: #000000;\">Power Monkey eXplorer &#8211; Carregador Solar<\/span><\/h2>\n<p><span style=\"color: #c0c0c0;\"><a href=\"http:\/\/airboysteam.com\/wp-content\/uploads\/2010\/07\/powermonkey-explorer-300.jpg\"><img loading=\"lazy\" decoding=\"async\" title=\"powermonkey-explorer-300\" src=\"http:\/\/airboysteam.com\/wp-content\/uploads\/2010\/07\/powermonkey-explorer-300.jpg\" alt=\"\" width=\"300\" height=\"300\" \/><\/a><\/span><\/p>\n<p><span style=\"color: #c0c0c0;\"><a href=\"http:\/\/www.xcshop.com\/shop\/product.php\/325\/powermonkey-explorer\">http:\/\/www.xcshop.com\/shop\/product.php\/325\/powermonkeyexplorer<\/a><\/span><\/p>\n<p><span style=\"color: #c0c0c0;\">__________________________________________________________________________________________________________________________________________________________<\/span><\/p>\n<p><span style=\"color: #c0c0c0;\">\u00a0<\/span>\u00a0<\/p>\n<h2>SPOT &#8211; Rastreador Pessoal Via Sat\u00e9lite<\/h2>\n<p><a href=\"http:\/\/airboysteam.com\/wp-content\/uploads\/2010\/07\/spotbanner.jpg\"><img loading=\"lazy\" decoding=\"async\" title=\"spotbanner\" src=\"http:\/\/airboysteam.com\/wp-content\/uploads\/2010\/07\/spotbanner.jpg\" alt=\"\" width=\"214\" height=\"256\" \/><\/a><\/p>\n<p>SPOT \u00a0<a href=\"http:\/\/www.spot.ind.com.br\">http:\/\/www.spot.inf.com.br<\/a> \u00a0Rastreador Pessoal Via\u00a0Sat\u00e9lite, equipamento mais usado por praticantes de esportes outdoor\u00a0<\/p>\n<p>_________________________________________________________________________________________________________________________________<\/p>\n<h2>\u00a0\u00a0<\/h2>\n<h2>Variometro a energia solar<\/h2>\n<p><a href=\"http:\/\/airboysteam.com\/wp-content\/uploads\/2010\/07\/CoMo_01.jpg\"><img loading=\"lazy\" decoding=\"async\" title=\"CoMo_01\" src=\"http:\/\/airboysteam.com\/wp-content\/uploads\/2010\/07\/CoMo_01-300x199.jpg\" alt=\"\" width=\"300\" height=\"199\" \/><\/a><\/p>\n<p>Variomentro com tecnologia\u00a0de capta\u00e7\u00e3o de energia solar no seu funcionamento da fabrica Renschler Instruments <a href=\"http:\/\/www.renschler.de\/eng\/pages\/intern_e\/frmint1_e.html\">http:\/\/www.renschler.de\/eng\/pages\/intern_e\/frmint1_e.html<\/a><\/p>\n<p>________________________________________________________________________________________________________________________________________________<\/p>\n<h2>Camera Contour HD<\/h2>\n<p><a href=\"http:\/\/airboysteam.com\/wp-content\/uploads\/2010\/07\/countour.bmp\"><img decoding=\"async\" title=\"countour\" src=\"http:\/\/airboysteam.com\/wp-content\/uploads\/2010\/07\/countour.bmp\" alt=\"\" \/><\/a><\/p>\n<p>Contour HD\u00a0<a href=\"http:\/\/vholdr.com\">http:\/\/vholdr.com<\/a> \u00a0est\u00e1 sendo a grande sensa\u00e7\u00e3o na capta\u00e7\u00e3o de imagens no Voo Livre, entre em contato\u00a0<a href=\"mailto:marciopintorj@gmail.com\">marciopintorj@gmail.com<\/a><\/p>\n","protected":false},"excerpt":{"rendered":"<p>\u00a0 Power Monkey eXplorer &#8211; Carregador Solar http:\/\/www.xcshop.com\/shop\/product.php\/325\/powermonkeyexplorer __________________________________________________________________________________________________________________________________________________________ \u00a0\u00a0 SPOT &#8211; Rastreador Pessoal Via Sat\u00e9lite SPOT \u00a0http:\/\/www.spot.inf.com.br \u00a0Rastreador Pessoal Via\u00a0Sat\u00e9lite, equipamento mais usado por praticantes de esportes outdoor\u00a0 _________________________________________________________________________________________________________________________________ \u00a0\u00a0 Variometro a energia solar Variomentro com tecnologia\u00a0de capta\u00e7\u00e3o de energia solar no seu funcionamento da fabrica Renschler Instruments http:\/\/www.renschler.de\/eng\/pages\/intern_e\/frmint1_e.html ________________________________________________________________________________________________________________________________________________ Camera Contour HD Contour [&hellip;]<\/p>\n","protected":false},"author":1,"featured_media":938,"parent":0,"menu_order":0,"comment_status":"closed","ping_status":"closed","template":"","meta":{"footnotes":""},"class_list":["post-408","page","type-page","status-publish","has-post-thumbnail","hentry"],"yoast_head":"<!-- This site is optimized with the Yoast SEO plugin v24.4 - https:\/\/yoast.com\/wordpress\/plugins\/seo\/ -->\n<title>Tecnologia - AIRBOYS I team<\/title>\n<meta name=\"robots\" content=\"index, follow, max-snippet:-1, max-image-preview:large, max-video-preview:-1\" \/>\n<link rel=\"canonical\" href=\"https:\/\/airboysteam.com\/?page_id=408\" \/>\n<meta property=\"og:locale\" content=\"en_US\" \/>\n<meta property=\"og:type\" content=\"article\" \/>\n<meta property=\"og:title\" content=\"Tecnologia - AIRBOYS I team\" \/>\n<meta property=\"og:description\" content=\"\u00a0 Power Monkey eXplorer &#8211; Carregador Solar http:\/\/www.xcshop.com\/shop\/product.php\/325\/powermonkeyexplorer __________________________________________________________________________________________________________________________________________________________ \u00a0\u00a0 SPOT &#8211; Rastreador Pessoal Via Sat\u00e9lite SPOT \u00a0http:\/\/www.spot.inf.com.br \u00a0Rastreador Pessoal Via\u00a0Sat\u00e9lite, equipamento mais usado por praticantes de esportes outdoor\u00a0 _________________________________________________________________________________________________________________________________ \u00a0\u00a0 Variometro a energia solar Variomentro com tecnologia\u00a0de capta\u00e7\u00e3o de energia solar no seu funcionamento da fabrica Renschler Instruments http:\/\/www.renschler.de\/eng\/pages\/intern_e\/frmint1_e.html ________________________________________________________________________________________________________________________________________________ Camera Contour HD Contour [&hellip;]\" \/>\n<meta property=\"og:url\" content=\"https:\/\/airboysteam.com\/?page_id=408\" \/>\n<meta property=\"og:site_name\" content=\"AIRBOYS I team\" \/>\n<meta property=\"article:modified_time\" content=\"2025-01-23T19:21:07+00:00\" \/>\n<meta name=\"twitter:card\" content=\"summary_large_image\" \/>\n<meta name=\"twitter:label1\" content=\"Est. reading time\" \/>\n\t<meta name=\"twitter:data1\" content=\"1 minute\" \/>\n<script type=\"application\/ld+json\" class=\"yoast-schema-graph\">{\"@context\":\"https:\/\/schema.org\",\"@graph\":[{\"@type\":\"WebPage\",\"@id\":\"https:\/\/airboysteam.com\/?page_id=408\",\"url\":\"https:\/\/airboysteam.com\/?page_id=408\",\"name\":\"Tecnologia - AIRBOYS I team\",\"isPartOf\":{\"@id\":\"https:\/\/airboysteam.com\/#website\"},\"primaryImageOfPage\":{\"@id\":\"https:\/\/airboysteam.com\/?page_id=408#primaryimage\"},\"image\":{\"@id\":\"https:\/\/airboysteam.com\/?page_id=408#primaryimage\"},\"thumbnailUrl\":\"https:\/\/airboysteam.com\/wp-content\/uploads\/2010\/07\/countour.bmp\",\"datePublished\":\"2010-07-06T10:58:02+00:00\",\"dateModified\":\"2025-01-23T19:21:07+00:00\",\"breadcrumb\":{\"@id\":\"https:\/\/airboysteam.com\/?page_id=408#breadcrumb\"},\"inLanguage\":\"en-US\",\"potentialAction\":[{\"@type\":\"ReadAction\",\"target\":[\"https:\/\/airboysteam.com\/?page_id=408\"]}]},{\"@type\":\"ImageObject\",\"inLanguage\":\"en-US\",\"@id\":\"https:\/\/airboysteam.com\/?page_id=408#primaryimage\",\"url\":\"https:\/\/airboysteam.com\/wp-content\/uploads\/2010\/07\/countour.bmp\",\"contentUrl\":\"https:\/\/airboysteam.com\/wp-content\/uploads\/2010\/07\/countour.bmp\"},{\"@type\":\"BreadcrumbList\",\"@id\":\"https:\/\/airboysteam.com\/?page_id=408#breadcrumb\",\"itemListElement\":[{\"@type\":\"ListItem\",\"position\":1,\"name\":\"Home\",\"item\":\"https:\/\/airboysteam.com\/\"},{\"@type\":\"ListItem\",\"position\":2,\"name\":\"Tecnologia\"}]},{\"@type\":\"WebSite\",\"@id\":\"https:\/\/airboysteam.com\/#website\",\"url\":\"https:\/\/airboysteam.com\/\",\"name\":\"AIRBOYS I team\",\"description\":\"Paramotor and Paragliding News\",\"potentialAction\":[{\"@type\":\"SearchAction\",\"target\":{\"@type\":\"EntryPoint\",\"urlTemplate\":\"https:\/\/airboysteam.com\/?s={search_term_string}\"},\"query-input\":{\"@type\":\"PropertyValueSpecification\",\"valueRequired\":true,\"valueName\":\"search_term_string\"}}],\"inLanguage\":\"en-US\"}]}<\/script>\n<!-- \/ Yoast SEO plugin. -->","yoast_head_json":{"title":"Tecnologia - AIRBOYS I team","robots":{"index":"index","follow":"follow","max-snippet":"max-snippet:-1","max-image-preview":"max-image-preview:large","max-video-preview":"max-video-preview:-1"},"canonical":"https:\/\/airboysteam.com\/?page_id=408","og_locale":"en_US","og_type":"article","og_title":"Tecnologia - AIRBOYS I team","og_description":"\u00a0 Power Monkey eXplorer &#8211; Carregador Solar http:\/\/www.xcshop.com\/shop\/product.php\/325\/powermonkeyexplorer __________________________________________________________________________________________________________________________________________________________ \u00a0\u00a0 SPOT &#8211; Rastreador Pessoal Via Sat\u00e9lite SPOT \u00a0http:\/\/www.spot.inf.com.br \u00a0Rastreador Pessoal Via\u00a0Sat\u00e9lite, equipamento mais usado por praticantes de esportes outdoor\u00a0 _________________________________________________________________________________________________________________________________ \u00a0\u00a0 Variometro a energia solar Variomentro com tecnologia\u00a0de capta\u00e7\u00e3o de energia solar no seu funcionamento da fabrica Renschler Instruments http:\/\/www.renschler.de\/eng\/pages\/intern_e\/frmint1_e.html ________________________________________________________________________________________________________________________________________________ Camera Contour HD Contour [&hellip;]","og_url":"https:\/\/airboysteam.com\/?page_id=408","og_site_name":"AIRBOYS I team","article_modified_time":"2025-01-23T19:21:07+00:00","twitter_card":"summary_large_image","twitter_misc":{"Est. reading time":"1 minute"},"schema":{"@context":"https:\/\/schema.org","@graph":[{"@type":"WebPage","@id":"https:\/\/airboysteam.com\/?page_id=408","url":"https:\/\/airboysteam.com\/?page_id=408","name":"Tecnologia - AIRBOYS I team","isPartOf":{"@id":"https:\/\/airboysteam.com\/#website"},"primaryImageOfPage":{"@id":"https:\/\/airboysteam.com\/?page_id=408#primaryimage"},"image":{"@id":"https:\/\/airboysteam.com\/?page_id=408#primaryimage"},"thumbnailUrl":"https:\/\/airboysteam.com\/wp-content\/uploads\/2010\/07\/countour.bmp","datePublished":"2010-07-06T10:58:02+00:00","dateModified":"2025-01-23T19:21:07+00:00","breadcrumb":{"@id":"https:\/\/airboysteam.com\/?page_id=408#breadcrumb"},"inLanguage":"en-US","potentialAction":[{"@type":"ReadAction","target":["https:\/\/airboysteam.com\/?page_id=408"]}]},{"@type":"ImageObject","inLanguage":"en-US","@id":"https:\/\/airboysteam.com\/?page_id=408#primaryimage","url":"https:\/\/airboysteam.com\/wp-content\/uploads\/2010\/07\/countour.bmp","contentUrl":"https:\/\/airboysteam.com\/wp-content\/uploads\/2010\/07\/countour.bmp"},{"@type":"BreadcrumbList","@id":"https:\/\/airboysteam.com\/?page_id=408#breadcrumb","itemListElement":[{"@type":"ListItem","position":1,"name":"Home","item":"https:\/\/airboysteam.com\/"},{"@type":"ListItem","position":2,"name":"Tecnologia"}]},{"@type":"WebSite","@id":"https:\/\/airboysteam.com\/#website","url":"https:\/\/airboysteam.com\/","name":"AIRBOYS I team","description":"Paramotor and Paragliding News","potentialAction":[{"@type":"SearchAction","target":{"@type":"EntryPoint","urlTemplate":"https:\/\/airboysteam.com\/?s={search_term_string}"},"query-input":{"@type":"PropertyValueSpecification","valueRequired":true,"valueName":"search_term_string"}}],"inLanguage":"en-US"}]}},"_links":{"self":[{"href":"https:\/\/airboysteam.com\/index.php?rest_route=\/wp\/v2\/pages\/408","targetHints":{"allow":["GET"]}}],"collection":[{"href":"https:\/\/airboysteam.com\/index.php?rest_route=\/wp\/v2\/pages"}],"about":[{"href":"https:\/\/airboysteam.com\/index.php?rest_route=\/wp\/v2\/types\/page"}],"author":[{"embeddable":true,"href":"https:\/\/airboysteam.com\/index.php?rest_route=\/wp\/v2\/users\/1"}],"replies":[{"embeddable":true,"href":"https:\/\/airboysteam.com\/index.php?rest_route=%2Fwp%2Fv2%2Fcomments&post=408"}],"version-history":[{"count":15,"href":"https:\/\/airboysteam.com\/index.php?rest_route=\/wp\/v2\/pages\/408\/revisions"}],"predecessor-version":[{"id":38611,"href":"https:\/\/airboysteam.com\/index.php?rest_route=\/wp\/v2\/pages\/408\/revisions\/38611"}],"wp:featuredmedia":[{"embeddable":true,"href":"https:\/\/airboysteam.com\/index.php?rest_route=\/wp\/v2\/media\/938"}],"wp:attachment":[{"href":"https:\/\/airboysteam.com\/index.php?rest_route=%2Fwp%2Fv2%2Fmedia&parent=408"}],"curies":[{"name":"wp","href":"https:\/\/api.w.org\/{rel}","templated":true}]}}